 2213.
2213
What are the prime factors of 697?
17, 41
What are the prime factors of 1050?
2, 3, 5, 7
List the prime factors of 3592.
2, 449
List the prime factors of 102.
2, 3, 17
List the prime factors of 5761.
7, 823
What are the prime factors of 572?
2, 11, 13
List the prime factors of 32910.
2, 3, 5, 1097
What are the prime factors of 994?
2, 7, 71
What are the prime factors of 405?
3, 5
List the prime factors of 25616.
2, 1601
List the prime factors of 984.
2, 3, 41
List the prime factors of 34692.
2, 3, 7, 59
List the prime factors of 930.
2, 3, 5, 31
List the prime factors of 5016.
2, 3, 11, 19
List the prime factors of 7017.
3, 2339
List the prime factors of 1320.
2, 3, 5, 11
List the prime factors of 7758.
2, 3, 431
List the prime factors of 54259.
29, 1871
List the prime factors of 3382.
2, 19, 89
List the prime factors of 102.
2, 3, 17
What are the prime factors of 5601?
3, 1867
List the prime factors of 1017.
3, 113
List the prime factors of 48543.
3, 11, 1471
List the prime factors of 28728.
2, 3, 7, 19
What are the prime factors of 12367?
83, 149
List the prime factors of 6397.
6397
List the prime factors of 4210.
2, 5, 421
List the prime factors of 916.
2, 229
What are the prime factors of 439?
439
What are the prime factors of 35771?
35771
List the prime factors of 2485.
5, 7, 71
What are the prime factors of 2345?
5, 7, 67
What are the prime factors of 1400?
2, 5, 7
List the prime factors of 4958.
2, 37, 67
List the prime factors of 10820.
2, 5, 541
What are the prime factors of 26703?
3, 23, 43
List the prime factors of 3204.
2, 3, 89
What are the prime factors of 1004?
2, 251
What are the prime factors of 798?
2, 3, 7, 19
List the prime factors of 11141.
13, 857
What are the prime factors of 3144?
2, 3, 131
What are the prime factors of 18664?
2, 2333
List the prime factors of 6625.
5, 53
List the prime factors of 115977.
3, 67, 577
What are the prime factors of 154283?
41, 53, 71
List the prime factors of 1838.
2, 919
List the prime factors of 2747.
41, 67
What are the prime factors of 2107?
7, 43
List the prime factors of 105192.
2, 3, 487
List the prime factors of 732.
2, 3, 61
What are the prime factors of 1011?
3, 337
What are the prime factors of 14468?
2, 3617
What are the prime factors of 1270?
2, 5, 127
List the prime factors of 1645.
5, 7, 47
What are the prime factors of 345?
3, 5, 23
List the prime factors of 26573.
26573
List the prime factors of 163362.
2, 3, 19, 1433
List the prime factors of 357.
3, 7, 17
List the prime factors of 852.
2, 3, 71
What are the prime factors of 12855?
3, 5, 857
What are the prime factors of 702?
2, 3, 13
List the prime factors of 12501.
3, 463
What are the prime factors of 1167?
3, 389
What are the prime factors of 1425?
3, 5, 19
List the prime factors of 5604.
2, 3, 467
List the prime factors of 419.
419
List the prime factors of 1437.
3, 479
What are the prime factors of 1970?
2, 5, 197
What are the prime factors of 2242?
2, 19, 59
What are the prime factors of 1750?
2, 5, 7
What are the prime factors of 1947?
3, 11, 59
List the prime factors of 315.
3, 5, 7
List the prime factors of 1204.
2, 7, 43
List the prime factors of 887.
887
What are the prime factors of 1027?
13, 79
List the prime factors of 81922.
2, 40961
What are the prime factors of 35993?
35993
List the prime factors of 1022.
2, 7, 73
List the prime factors of 861.
3, 7, 41
List the prime factors of 2688.
2, 3, 7
List the prime factors of 1350.
2, 3, 5
List the prime factors of 1631.
7, 233
What are the prime factors of 35549?
19, 1871
List the prime factors of 2134.
2, 11, 97
What are the prime factors of 99074?
2, 49537
What are the prime factors of 253?
11, 23
What are the prime factors of 76791?
3, 11, 13, 179
What are the prime factors of 175?
5, 7
List the prime factors of 46150.
2, 5, 13, 71
List the prime factors of 20887.
20887
List the prime factors of 34450.
2, 5, 13, 53
List the prime factors of 17888.
2, 13, 43
What are the prime factors of 517?
11, 47
List the prime factors of 1512.
2, 3, 7
What are the prime factors of 127728?
2, 3, 887
What are the prime factors of 9638?
2, 61, 79
List the prime factors of 26977.
53, 509
What are the prime factors of 13493?
103, 131
List the prime factors of 7372.
2, 19, 97
What are the prime factors of 41239?
11, 23, 163
List the prime factors of 11576.
2, 1447
List the prime factors of 116416.
2, 17, 107
List the prime factors of 8473.
37, 229
What are the prime factors of 3317?
31, 107
List the prime factors of 497.
7, 71
What are the prime factors of 817?
19, 43
What are the prime factors of 6405?
3, 5, 7, 61
List the prime factors of 1113.
3, 7, 53
What are the prime factors of 112466?
2, 53, 1061
What are the prime factors of 191?
191
List the prime factors of 172400.
2, 5, 431
What are the prime factors of 19859?
7, 2837
List the prime factors of 344.
2, 43
What are the prime factors of 120?
2, 3, 5
List the prime factors of 342.
2, 3, 19
What are the prime factors of 53649?
3, 1987
List the prime factors of 3057.
3, 1019
What are the prime factors of 2014?
2, 19, 53
What are the prime factors of 68239?
68239
List the prime factors of 1531.
1531
What are the prime factors of 6906?
2, 3, 1151
What are the prime factors of 36092?
2, 7, 1289
What are the prime factors of 17192?
2, 7, 307
List the prime factors of 115828.
2, 23, 1259
What are the prime factors of 116057?
43, 2699
What are the prime factors of 943?
23, 41
List the prime factors of 6027.
3, 7, 41
List the prime factors of 24781.
24781
What are the prime factors of 3906?
2, 3, 7, 31
What are the prime factors of 11?
11
List the prime factors of 2083.
2083
List the prime factors of 78899.
257, 307
What are the prime factors of 510?
2, 3, 5, 17
List the prime factors of 132.
2, 3, 11
List the prime factors of 55084.
2, 47, 293
List the prime factors of 17144.
2, 2143
List the prime factors of 54409.
54409
What are the prime factors of 19660?
2, 5, 983
List the prime factors of 1770.
2, 3, 5, 59
List the prime factors of 80608.
2, 11, 229
What are the prime factors of 10888?
2, 1361
List the prime factors of 433.
433
List the prime factors of 3406.
2, 13, 131
List the prime factors of 603.
3, 67
What are the prime factors of 65212?
2, 7, 17, 137
What are the prime factors of 27033?
3, 9011
What are the prime factors of 26429?
13, 19, 107
What are the prime factors of 1336?
2, 167
What are the prime factors of 33650?
2, 5, 673
List the prime factors of 721.
7, 103
List the prime factors of 32312.
2, 7, 577
What are the prime factors of 19148?
2, 4787
List the prime factors of 29062.
2, 11, 1321
What are the prime factors of 8502?
2, 3, 13, 109
What are the prime factors of 1039?
1039
List the prime factors of 99.
3, 11
What are the prime factors of 50332?
2, 12583
What are the prime factors of 2183?
37, 59
List the prime factors of 1761.
3, 587
What are the prime factors of 35675?
5, 1427
What are the prime factors of 1857?
3, 619
What are the prime factors of 5673?
3, 31, 61
List the prime factors of 78.
2, 3, 13
What are the prime factors of 23846?
2, 11923
List the prime factors of 584.
2, 73
List the prime factors of 59455.
5, 11, 23, 47
List the prime factors of 1935.
3, 5, 43
List the prime factors of 101882.
2, 11, 421
What are the prime factors of 42906?
2, 3, 7151
What are the prime factors of 10572?
2, 3, 881
List the prime factors of 16357.
11, 1487
List the prime factors of 1240.
2, 5, 31
List the prime factors of 4482.
2, 3, 83
List the prime factors of 5542.
2, 17, 163
What are the prime factors of 9018?
2, 3, 167
What are the prime factors of 6170?
2, 5, 617
What are the prime factors of 4112?
2, 257
List the prime factors of 606.
2, 3, 101
List the prime factors of 41130.
2, 3, 5, 457
What are the prime factors of 8180?
2, 5, 409
What are the prime factors of 1756?
2, 439
What are the prime factors of 3461?
3461
What are the prime factors of 52067?
52067
What are the prime factors of 16161?
3, 5387
What are the prime factors of 1842?
2, 3, 307
List the prime factors of 132994.
2, 29, 2293
List the prime factors of 1759.
1759
What are the prime factors of 15474?
2, 3, 2579
List the prime factors of 77940.
2, 3, 5, 433
What are the prime factors of 661?
661
What are the prime factors